 of k**5/20 + k**4/4 - 7*k**3/6 - 3*k**2 + 3*k. List the prime factors of q(-4).
2, 3
Suppose -2*h - 6 = 0, -2*u + 3*u + 4*h - 11 = 0. Suppose -5*j + 4*l + 117 = -u, 3*j - 3*l = 81. What are the prime factors of j?
2
Let r be 2/5 - (-215)/25. Suppose 3*o - 2*l = r, 0*o = -2*o - 5*l + 6. List the prime factors of o.
3
Suppose 8*c - 8 = 4*c. Suppose 9 + 6 = 3*b - 5*u, -c*u + 56 = 5*b. Suppose x - 2 = b. List the prime factors of x.
2, 3
Let n(p) = 2*p**3 - 5*p**2 + 3*p - 2. What are the prime factors of n(4)?
2, 29
Suppose -3*w + 19 = -5. Suppose 0 = h + 4*k + 2, 2*h - 9 = w*k - 3*k. Suppose -2*c - f + 12 = h*c, -5*c = f - 14. List the prime factors of c.
2
Suppose 0 = 4*i - 2*t - 900, 3*t - 4*t + 894 = 4*i. What are the prime factors of i?
2, 7
Let t be 2 + 14 + 3 + 0. Suppose c = n + 3*c - t, n = 4*c + 19. What are the prime factors of n?
19
Suppose 4*j - 2 = 3*j. List the prime factors of j.
2
Suppose 0 = -y - y + 2*c + 8, -5*c - 8 = -y. Suppose 2*g = v - 7, 0 = 4*g + y*v - 3 + 2. What are the prime factors of 10/(-3)*3/g?
5
Let n(f) = f**2 - 5*f. Let c be n(6). Let o(h) = 47*h**2 - h. Let l be o(-1). Suppose l = -2*r + c*r. What are the prime factors of r?
2, 3
Let m(i) = i**3 + 6*i**2 + i - 5. Let l be m(-6). Let y = 35 + l. Suppose y = -v + 4*v. What are the prime factors of v?
2
Let u = 212 - 130. List the prime factors of u.
2, 41
Suppose -2*m = -8, 5*q - 3*m - 221 = -28. What are the prime factors of q?
41
Suppose 0 = -0*u + u - 3. Suppose u*d - 112 = -5*p, 4*d - 4 = 12. List the prime factors of p.
2, 5
Suppose -4*n - 106 = -2*j, -j + 26 = -3*n - 28. List the prime factors of j.
3, 17
Let b(f) = -5*f - 9. Let w(c) = -2*c - 5. Let v(x) = 3*b(x) - 5*w(x). What are the prime factors of v(-4)?
2, 3
Let n(a) = -7*a - 2. Let o be n(-1). Suppose p - 237 = -o*l, 2 = 3*p - 4. List the prime factors of l.
47
Let t = -39 + 71. Suppose c + t = 3*c. List the prime factors of c.
2
Suppose -5*t = 8 + 2, 0 = -5*y - 5*t + 50. Suppose -y = -5*l - 2*m + 4*m, 4*l - 5*m = 13. What are the prime factors of l?
2
Let l(f) = -7 + 4*f**2 + 3 + 4*f**3 + 0*f**2 - 5*f**3. Suppose y + 3 - 5 = -j, -5*j + 3*y + 18 = 0. What are the prime factors of l(j)?
5
Let s be (-1)/(-3) - (-2)/3. Let b = s - -8. Let d(u) = u**3 - 8*u**2 - 7*u - 2. List the prime factors of d(b).
2
Let q(b) = b**3 - 10*b**2 + b - 7. What are the prime factors of q(10)?
3
Let z(v) = 9*v + 0*v**3 - 1 - 9*v**2 - 5*v**3 + 4*v**3 - 6. Let h be z(-10). Suppose h = -3*m + 12. What are the prime factors of m?
3
Let t = 179 + -122. Let p = -35 + t. What are the prime factors of p?
2, 11
List the prime factors of -4 + 36/8*10.
41
Let o = 21 - 6. List the prime factors of o.
3, 5
Suppose 3*j - 1801 = -718. List the prime factors of j.
19
Suppose -4*x + 26 = -d, 5*d - 2*x = 3*x - 175. Let m = -19 - d. List the prime factors of m.
19
Let a = -58 - -112. What are the prime factors of a?
2, 3
Suppose 0 = 4*q - 222 + 34. Suppose -8 = n - q. Suppose -n = -m - 2*m. List the prime factors of m.
13
Let u = 30 - 22. What are the prime factors of u?
2
Let m = -11 - -5. Let t be (m/(-4))/(3/6). Suppose -8 + 2 = -t*w. What are the prime factors of w?
2
Let h(w) = 5*w**2 + 4*w + 2. Suppose -9 = -3*k - 5*l, k + 0*k - 2*l = -8. What are the prime factors of h(k)?
2, 7
Let i(j) = -j**3 + 3*j. Let h be i(-3). Let y(n) = -7*n**3 - 2*n**2 + 1. Let t be y(-1). What are the prime factors of t/h - 44/(-3)?
3, 5
Let i(v) = 18*v**3 + v**2 + v - 1. What are the prime factors of i(1)?
19
Suppose 5*z = -g + 202, 6*z - 176 = 2*z + 4*g. Suppose -3*r + z + 13 = 0. What are the prime factors of r?
2, 3
Let r = -198 + 358. What are the prime factors of r?
2, 5
Let c(m) = 22*m + 47. What are the prime factors of c(5)?
157
Let p be (1/(-3))/(1/(-15)). Let b = 5 - p. Let w = 8 + b. List the prime factors of w.
2
Let o(c) = 2*c - 12. List the prime factors of o(9).
2, 3
Let k = -6 - 0. List the prime factors of (k/2)/(39/(-676)).
2, 13
Let k(y) = -y**3 - 2*y + 1. Let u be k(-3). Suppose 0 = 4*f - u - 30. List the prime factors of f.
2
Let n(g) = -g**2 - 9*g + 8. What are the prime factors of n(-6)?
2, 13
Let p(x) = -9*x**2 + 1. Let t be p(-1). List the prime factors of (-22)/t - 15/20.
2
Suppose -4*f - 7 + 3 = 0, 4*f + 4 = -2*q. List the prime factors of (2 + q)*(8 - 1).
2, 7
Let b(n) be the second derivative of n**5/20 + n**4/3 - 5*n**3/6 - 2*n**2 - 5*n. List the prime factors of b(-4).
2
Suppose -8 = -p + 2*p. Let b be 2/(-4)*p*10. Suppose -q = 3*q - b. List the prime factors of q.
2, 5
Let f be (-10 - -7) + (-1 - -5). Let q be 14 + 1 - (1 + f). Suppose -5*z - 3*r + 70 = 0, -q = -3*z + 2*r + 2*r. List the prime factors of z.
11
Let g(j) be the first derivative of 10*j**3 - j**2/2 - 2*j - 5. List the prime factors of g(-1).
29
Suppose z = -0*z + 84. Suppose -2*j = 4*f - z, -2*f + f = 2*j - 18. What are the prime factors of f?
2, 11
Let h be (3 + -2)*(-1 + 2). Suppose b = 17 - h. What are the prime factors of b?
2
List the prime factors of ((-16)/24)/(3/(-378) - 0).
2, 3, 7
Suppose 2*m + i - 54 = 0, 2*m = -0*m + 5*i + 66. Let x = 51 - m. Suppose 5*g + x = 73. List the prime factors of g.
2, 5
Let j(p) be the third derivative of -1/60*p**5 + 0 + 0*p + 1/3*p**4 - 1/2*p**3 - p**2. List the prime factors of j(5).
2, 3
Suppose -4*d + a = -84, -4*a + 77 + 7 = 4*d. Let w = d + -12. What are the prime factors of w?
3
Let o(f) = -f**3 - 11*f**2 - 7*f - 9. Let q be o(-10). Let h = -17 - q. List the prime factors of h.
2, 11
Let i = 36 + -10. Let c = 3 - i. Let h = c - -34. List the prime factors of h.
11
Suppose -3 = -3*p, -o + 3*p + p = -97. What are the prime factors of o?
101
Suppose -3*f - 4*p + 31 = 0, 4*p + 44 = 4*f + 12. What are the prime factors of 255/f - 8/(-12)?
29
Let l = 8 - 4. Suppose 9*c = l*c + 65. Let g = c - 3. List the prime factors of g.
2, 5
Suppose -g = -3*t + 169, -4*g - 291 = 3*t - 8*t. What are the prime factors of t?
5, 11
Let l(t) = -t**2 - 8*t - 3. Let s be 1/3*6/2. Let y be 10*3/(-6)*s. List the prime factors of l(y).
2, 3
Let c = -3 - -6. Let s be (-20)/(c + (-21)/6). Suppose 3*z = 5*p - 55, -s + 4 = -2*p + 4*z. What are the prime factors of p?
2
Let l(d) = d**2 + 5*d - 4. Let g be l(-5). Let z be g/(2*3/12). What are the prime factors of (z/2)/((-3)/6)?
2
Suppose -5*o - 100 = 2*x - 7*x, -x + 4*o = -20. Let w = x - -13. Suppose 0*s = -3*s + w. What are the prime factors of s?
11
Let j = 26 + -18. Let q(x) = -3*x**2 - 6*x**2 - 2 + x**3 + 8*x + 8. List the prime factors of q(j).
2, 3
Let t(g) = -g**2 + 5*g + 1. Let x = 5 - 1. List the prime factors of t(x).
5
List the prime factors of 1 + -2*-3*7.
43
Suppose -7*p = -3*p - 332. List the prime factors of p.
83
Suppose 3*h - 4*h + 2 = 0. Let y be (1 - (h - 0))*11. Let i(x) = -x**2 - 12*x + 3. What are the prime factors of i(y)?
2, 7
Let x(r) = -r - 1. Let d be x(-3). Suppose -2*n = -10 + d. What are the prime factors of n?
2
Let o(p) = -p**2 + 9*p - 3. Let a be o(8). Suppose 70 = a*m - 75. List the prime factors of m.
29
Let n = 168 - 102. List the prime factors of n.
2, 3, 11
Let o = 26 - 8. Let a = o - 9. List the prime factors of a.
3
Let c(k) = -21*k - 3. List the prime factors of c(-4).
3
Let y(i) = -i**2 + 15*i + 11. List the prime factors of y(15).
11
Let u(m) = -m**2 - 6*m - 6. Let i be u(-4). Suppose -2*o = 7*c - i*c - 15, -c = -4*o + 41. List the prime factors of o.
2, 5
Let j be (-14)/(-14)*0/(-2). List the prime factors of (9 + 7)*(1 - j).
2
Let r = 81 - 44. What are the prime factors of r - -5 - 12/(-3)?
2, 23
Let c(n) = n**2 - 3*n + 2. Suppose -4*m + 2*f + 16 = 0, -4*f - 27 = -2*m - 7. Let k be c(m). Suppose p + 2 = 3*v, p - 8 = -2*v - k. List the prime factors of v.
2
Suppose -4*l - l - 4*u = -121, -l + 5*u = -1. Suppose p - l = -5*c, -p - 2*c = -11 - 4. List the prime factors of p.
11
Suppose -a = 2 - 5. Let r = a - -8. List the prime factors of r.
11
Let f be 2/9 + (-140)/(-18). Let b = 13 - f. Let r = b - 3. List the prime factors of r.
2
Let v = -10 + 20. Suppose 3*k - k = 12. Let b = v + k. What are the prime factors of b?
2
Suppose 4*h - 126 = -2*t + 7*t, -t - 168 = -5*h. What are the prime factors of h?
2, 17
Suppose -4*t = -6*t + 66. List the prime factors of t.
3, 11
Let u(j) = 20*j**2 - j + 2. Let b be u(1). Suppose 1 = p - 1. Suppose p*v + v - b =